750 and 149400?
150
What is the highest common factor of 51989 and 245?
49
What is the greatest common factor of 3969 and 3318?
21
Calculate the highest common factor of 12065 and 665.
95
Calculate the highest common factor of 59126 and 10246.
94
Calculate the greatest common divisor of 1680 and 1840.
80
What is the greatest common factor of 5206 and 3699?
137
What is the highest common factor of 2244 and 9141?
33
What is the greatest common divisor of 3067342 and 142?
142
Calculate the highest common divisor of 46548 and 324.
108
Calculate the greatest common divisor of 8736 and 3318.
42
Calculate the greatest common divisor of 134977 and 292.
73
What is the greatest common factor of 45970 and 70?
10
What is the highest common divisor of 1240 and 99665?
155
What is the greatest common divisor of 1729 and 59527?
247
Calculate the highest common divisor of 7 and 68033.
7
What is the greatest common divisor of 435 and 414990?
435
What is the highest common divisor of 44538 and 156?
78
Calculate the greatest common divisor of 17038 and 112.
14
What is the greatest common divisor of 160 and 90416?
16
Calculate the highest common divisor of 90 and 97542.
18
What is the highest common divisor of 186 and 16616?
62
Calculate the highest common factor of 783 and 189.
27
What is the highest common divisor of 36132 and 36?
12
Calculate the greatest common factor of 804 and 156311.
67
What is the highest common divisor of 198 and 95283?
9
What is the highest common factor of 36160581 and 1887?
1887
What is the highest common divisor of 258545 and 2492?
623
Calculate the greatest common divisor of 229622 and 1070.
214
What is the highest common factor of 16769 and 533?
41
What is the greatest common divisor of 271116 and 408?
204
Calculate the greatest common factor of 358094 and 3608.
902
What is the highest common factor of 137497 and 1077?
359
Calculate the highest common divisor of 224 and 57848.
56
Calculate the greatest common factor of 837 and 4536.
27
What is the greatest common factor of 110616 and 1749?
33
What is the greatest common factor of 216 and 60432?
24
What is the highest common divisor of 18720 and 138840?
1560
What is the highest common divisor of 745 and 238102?
149
What is the greatest common divisor of 30855 and 51?
51
What is the highest common factor of 6272 and 1288?
56
Calculate the greatest common factor of 8 and 456328.
8
What is the highest common divisor of 564 and 1377570?
282
What is the greatest common divisor of 67 and 45359?
67
What is the highest common factor of 1599 and 22632?
123
Calculate the highest common divisor of 4077 and 69611.
151
Calculate the highest common factor of 36 and 73080.
36
Calculate the highest common factor of 67520 and 1280.
320
Calculate the greatest common divisor of 3125 and 2825.
25
Calculate the greatest common factor of 34608 and 11648.
112
What is the greatest common divisor of 239666 and 25175?
1007
What is the greatest common factor of 2097 and 39377?
233
What is the highest common factor of 36 and 127212?
12
Calculate the highest common factor of 342 and 108522.
18
What is the highest common divisor of 891 and 1680129?
297
What is the highest common factor of 4558 and 31820?
86
What is the greatest common factor of 892724 and 560?
28
Calculate the greatest common divisor of 210 and 7280.
70
What is the highest common divisor of 180 and 32436?
36
What is the greatest common divisor of 2231 and 69?
23
What is the highest common factor of 1035 and 555?
15
What is the greatest common factor of 297007 and 34?
17
Calculate the highest common factor of 628 and 2818150.
314
What is the greatest common factor of 4828 and 20164?
284
Calculate the highest common factor of 953226 and 117.
9
What is the greatest common factor of 26046 and 2682?
18
What is the highest common divisor of 87040 and 2360?
40
Calculate the highest common factor of 23693 and 359252.
551
Calculate the greatest common factor of 490620 and 9860.
340
Calculate the greatest common divisor of 86010 and 180.
30
Calculate the greatest common factor of 2685 and 135.
15
Calculate the greatest common factor of 204 and 79176.
12
What is the greatest common divisor of 38134 and 46?
46
What is the greatest common factor of 207 and 1811296?
23
What is the highest common divisor of 54 and 2696193?
27
Calculate the greatest common divisor of 236 and 79414.
118
What is the highest common factor of 370300 and 1260?
140
Calculate the highest common factor of 172641 and 294.
21
What is the highest common factor of 864 and 14445?
27
Calculate the highest common divisor of 3 and 11701.
1
Calculate the greatest common factor of 138393 and 9.
9
Calculate the greatest common factor of 1920 and 22980.
60
Calculate the highest common divisor of 587500 and 50.
50
Calculate the highest common factor of 11893 and 14.
7
Calculate the highest common factor of 41182 and 2950.
118
Calculate the highest common divisor of 128 and 29480.
8
What is the greatest common factor of 13797 and 231?
21
Calculate the highest common divisor of 2052 and 21812.
76
Calculate the highest common divisor of 7735 and 728.
91
Calculate the greatest common factor of 22100 and 835900.
1300
Calculate the greatest common divisor of 304671 and 246.
123
What is the greatest common divisor of 497 and 195179?
71
Calculate the greatest common factor of 7000906 and 374.
374
Calculate the highest common factor of 160800 and 32.
32
What is the greatest common divisor of 37 and 161949?
37
Calculate the greatest common factor of 126 and 6615.
63
What is the highest common divisor of 299850 and 1?
1
What is the greatest common factor of 126255 and 1995?
285
Calculate the highest common factor of 14 and 699146.
14
Calculate the greatest common factor of 618881 and 53.
53
Calculate the greatest common divisor of 1146725 and 50.
25
What is the highest common factor of 37072 and 412?
4
Calculate the greatest common factor of 1421 and 1568.
49
Calculate the greatest common divisor of 11185 and 15.
5
What is the highest common divisor of 52 and 58747?
13
Calculate the highest common divisor of 64184 and 213.
71
Calculate the greatest common divisor of 513976 and 328.
328
Calculate the greatest common factor of 52 and 689611.
13
Calculate the highest common factor of 88 and 1306360.
88
Calculate the highest common divisor of 69594 and 13272.
42
What is the greatest common factor of 152672 and 1040?
208
What is the greatest common factor of 68 and 181628?
68
What is the greatest common factor of 1659 and 12936?
21
What is the greatest common divisor of 58426 and 892?
446
What is the greatest common factor of 4779 and 590?
59
What is the greatest common factor of 96194 and 378?
14
What is the greatest common divisor of 518 and 157250?
74
What is the highest common divisor of 1985544 and 2070?
414
Calculate the greatest common divisor of 65055 and 8.
1
What is the highest common factor of 184400 and 40?
40
Calculate the highest common divisor of 567 and 900.
9
What is the greatest common factor of 12179 and 38?
19
What is the highest common factor of 60 and 822030?
30
Calculate the highest common divisor of 62 and 388895.
31
Calculate the highest common divisor of 1 and 23373.
1
Calculate the highest common divisor of 76 and 9196.
76
Calculate the highest common divisor of 248070 and 120.
30
What is the highest common factor of 234141 and 51?
51
Calculate the highest common factor of 131384 and 88.
88
Calculate the highest common factor of 3287 and 570.
19
What is the greatest common factor of 2108 and 82739?
527
Calculate the greatest common factor of 149471 and 67319.
1141
Calculate the highest common divisor of 3178 and 77.
7
Calculate the highest common factor of 65 and 673894.
13
Calculate the greatest common divisor of 110 and 4802.
2
What is the highest common factor of 81696 and 16?
16
What is the highest common divisor of 148922 and 114?
38
What is the greatest common divisor of 312 and 1217424?
312
Calculate the greatest common divisor of 36 and 56250.
18
Calculate the greatest common factor of 12429 and 306.
9
What is the highest common divisor of 1844 and 1065371?
461
Calculate the highest common factor of 21552 and 324.
12
Calculate the greatest common factor of 60 and 110850.
30
C